te?
False
Is 26434 prime?
False
Is 41617 composite?
False
Is 768649 a prime number?
False
Is 23774 prime?
False
Is 464209 a composite number?
True
Is 14503 a prime number?
True
Is 3981 prime?
False
Is 815 a composite number?
True
Is 148123 prime?
True
Is 930673 prime?
False
Is 99031 composite?
True
Is 1106363 composite?
False
Is 27383 a prime number?
False
Is 460181 a prime number?
True
Is 1148677 composite?
False
Is 2095 a prime number?
False
Is 36029 a prime number?
False
Is 38953 composite?
False
Is 4247 a prime number?
False
Is 43997 composite?
False
Is 1166957 a prime number?
False
Is 10301 a composite number?
False
Is 1733 a prime number?
True
Is 1424177 a prime number?
True
Is 394919 composite?
True
Is 213 prime?
False
Is 57089 a composite number?
False
Is 89561 prime?
True
Is 1267067 a composite number?
False
Is 573247 prime?
True
Is 17707 composite?
False
Is 103787 composite?
False
Is 5583 a composite number?
True
Is 8269 composite?
False
Is 86807 a composite number?
True
Is 802 a composite number?
True
Is 146051 a prime number?
True
Is 110342 composite?
True
Is 37 a prime number?
True
Is 99523 a composite number?
False
Is 44809 a composite number?
False
Is 3083 composite?
False
Is 1623 prime?
False
Is 7169 prime?
False
Is 2661929 a prime number?
True
Is 14797 a prime number?
True
Is 818171 a prime number?
True
Is 3747 prime?
False
Is 2897 a prime number?
True
Is 239207 prime?
False
Is 4247 prime?
False
Is 216271 prime?
False
Is 1997029 a composite number?
False
Is 8263 composite?
False
Is 27377 a prime number?
False
Is 459958 composite?
True
Is 347929 a prime number?
True
Is 12319 a prime number?
False
Is 55871 a composite number?
False
Is 679933 a prime number?
True
Is 3293 a prime number?
False
Is 1680149 composite?
False
Is 9227 composite?
False
Is 451 a composite number?
True
Is 16123 a prime number?
False
Is 490621 prime?
False
Is 146191 a composite number?
False
Is 1426541 prime?
True
Is 745097 a prime number?
False
Is 89 composite?
False
Is 183871 a composite number?
False
Is 939089 composite?
False
Is 1791113 composite?
False
Is 175453 prime?
True
Is 11249 a composite number?
True
Is 254287 a composite number?
True
Is 1572961 prime?
False
Is 7453 prime?
False
Is 48173 prime?
False
Is 36671 a composite number?
False
Is 57359 prime?
False
Is 26687 prime?
True
Is 10483 composite?
True
Is 4777 composite?
True
Is 156419 a prime number?
True
Is 420779 a prime number?
True
Is 965015 a prime number?
False
Is 657631 composite?
True
Is 335561 a composite number?
True
Is 180209 prime?
False
Is 119839 a prime number?
True
Is 7411 prime?
True
Is 127349 prime?
False
Is 181255 prime?
False
Is 185053 prime?
False
Is 33967 prime?
True
Is 41315 prime?
False
Is 159863 a prime number?
False
Is 932537 a prime number?
True
Is 19369 a composite number?
True
Is 104411 a prime number?
False
Is 83867 a prime number?
False
Is 31987 a prime number?
False
Is 93799 a composite number?
True
Is 386003 a prime number?
False
Is 14891 a prime number?
True
Is 59959 prime?
False
Is 276499 a prime number?
True
Is 1390369 a composite number?
False
Is 23447 a composite number?
False
Is 1041497 a prime number?
True
Is 7897 prime?
False
Is 278041 composite?
False
Is 113083 a prime number?
True
Is 11549 a composite number?
False
Is 5219 prime?
False
Is 20071 a composite number?
False
Is 252299 composite?
True
Is 678533 a composite number?
False
Is 39085 composite?
True
Is 28211 prime?
True
Is 54685 a prime number?
False
Is 5297 a composite number?
False
Is 1335779 a composite number?
True
Is 992743 composite?
True
Is 64861 a prime number?
False
Is 23297 a prime number?
True
Is 223529 prime?
True
Is 1051871 a composite number?
True
Is 1381 prime?
True
Is 48157 composite?
False
Is 4645 a prime number?
False
Is 19897 a composite number?
True
Is 217111 a composite number?
False
Is 97661 a prime number?
False
Is 11665 a prime number?
False
Is 242197 composite?
False
Is 80429 prime?
True
Is 48299 prime?
True
Is 356533 prime?
True
Is 330271 a composite number?
False
Is 1749989 prime?
False
Is 3989 composite?
False
Is 209123 a composite number?
False
Is 232321 a prime number?
False
Is 3791 prime?
False
Is 305317 a prime number?
False
Is 47737 composite?
False
Is 17167 a prime number?
True
Is 70607 a prime number?
True
Is 141859 composite?
True
Is 201737 prime?
False
Is 3631 prime?
True
Is 112609 a composite number?
True
Is 189077 prime?
False
Is 113717 composite?
False
Is 542911 a composite number?
False
Is 90677 composite?
False
Is 18869 a composite number?
False
Is 11677 a composite number?
False
Is 1262 prime?
False
Is 283405 composite?
True
Is 81093 a prime number?
False
Is 13387199 prime?
False
Is 68633 composite?
False
Is 389 composite?
False
Is 120847 a prime number?
True
Is 81701 prime?
True
Is 154933 composite?
False
Is 52499 composite?
True
Is 42691 a prime number?
False
Is 1110811 a composite number?
True
Is 9613 prime?
True
Is 246513 a composite number?
True
Is 166729 a prime number?
False
Is 30451 a composite number?
True
Is 12679 a composite number?
True
Is 702001 prime?
False
Is 111742 prime?
False
Is 505797 composite?
True
Is 38951 composite?
True
Is 90691 a prime number?
False
Is 1577 a composite number?
True
Is 39643 a composite number?
True
Is 1529855 a prime number?
False
Is 97213 a prime number?
True
Is 111317 composite?
False
Is 115459 a composite number?
False
Is 28901 prime?
True
Is 32993 a composite number?
False
Is 47743 composite?
False
Is 89315 composite?
True
Is 156323 a prime number?
False
Is 36119 a composite number?
True
Is 146929 composite?
True
Is 29059 a prime number?
True
Is 1374049 composite?
True
Is 198483 a prime number?
False
Is 5981 prime?
True
Is 1741 a composite number?
False
Is 84547 composite?
True
Is 8929 a prime number?
True
Is 6933427 a prime number?
True
Is 1500577 a prime number?
False
Is 16481 a composite number?
False
Is 7115 a composite number?
True
Is 10055 composite?
True
Is 319883 composite?
False
Is 13081 a composite number?
True
Is 275511 a prime number?
False
Is 108971 a prime number?
True
Is 25439 prime?
True
Is 761129 a prime number?
True
Is 177739 composite?
False
Is 2327473 composite?
False
Is 1375187 prime?
False
Is 115703 a composite number?
True
Is 339637 a composite number?
False
Is 31937 composite?
True
Is 202295 composite?
True
Is 63251 composite?
True
Is 4153 composite?
False
Is 83833 a composite number?
False
Is 8263 a prime number?
True
Is 21647 composite?
False
Is 2053 a composite number?
False
Is 16351 prime?
False
Is 319 composite?
True
Is 3369 a prime number?
False
Is 22669 a prime number?
True
Is 2402 composite?
True
Is 256127 prime?
False
Is 62841 a prime number?
False
Is 10243 composite?
False
Is 167009 prime?
True
Is 11957 composite?
True
Is 17077 a prime number?
True
Is 1703602 prime?
False
Is 6905 a prime number?
False
Is 29243 composite?
False
Is 191527 a composite number?
True
Is 1491227 a composite number?
False
Is 100637 a composite number?
True
Is 539755 a composite number?
True
Is 18803 a prime number?
True
Is 19531 a composite number?
False
Is 383099 a composite number?
False
Is 3453 composite?
True
Is 533671 composite?
False
Is 4337 prime?
True
Is 17378 a prime number?
False
Is 59497 a composite number?
False
Is 5266 a composite number?
True
Is 5737 composite?
False
Is 5713 a prime number?
False
Is 3791 composite?
True
Is 19289 a composite number?
False
Is 6065 a composite number?
True
Is 156089 a composite number?
False
Is 1608127 prime?
True
Is 7993 a composite number?
False
Is 3881 prime?
True
Is 3022 composite?
True
Is 111094 a prime number?
False
Is 86501 a composite number?
False
Is 7279 prime?
False
Is 93363 a prime number?
False
Is 1006 a composite number?
True
Is 83639 a composite number?
False
Is 4327 prime?
True
Is 4481 a prime number?
True
Is 920039 composite?
False
Is 203861 composite?
True
Is 44981 prime?
False
Is 71011 a prime number?
True
Is 541513 composite?
True
Is 3047 a prime number?
False
Is 34211 prime?
True
Is 38621 a composite number?
True
Is 268717 a composite number?
True
Is 219169 composite?
False
Is 26777 a composite number?
False
Is 4049 prime?
True
Is 57413 composite?
False
Is 24303 prime?
False
Is 323017 a composite number?
True
Is 272951 a prime numbe